{"id":279,"date":"2017-08-05T16:23:57","date_gmt":"2017-08-05T16:23:57","guid":{"rendered":"https:\/\/wncbahai.org\/?page_id=279"},"modified":"2019-07-22T06:29:47","modified_gmt":"2019-07-22T06:29:47","slug":"what-bahais-believe","status":"publish","type":"page","link":"https:\/\/wncbahai.org\/?page_id=279","title":{"rendered":"What Bah\u00e1&#8217;is Believe"},"content":{"rendered":"<h1>\n\t\tWhat Bah\u00e1&#8217;is Believe\n\t<\/h1>\n\t<h2><em>Knowledge is a veritable treasure for man, and a source of glory, of bounty, of joy, of exaltation, of cheer and gladness unto him.<\/em>    <small>  &#8211; Bah\u00e1&#8217;u&#8217;ll\u00e1h<\/small><\/h2>\n\t\t\t\t<img loading=\"lazy\" decoding=\"async\" src=\"https:\/\/wncbahai.org\/wp-content\/uploads\/2017\/08\/MaxPixel.freegreatpicture.com-Haifa-Baha-i-Weltzentrum-Shrine-Baha-i-Faith-1308243-e1504045061606-300x205.jpg\" alt=\"Baha'i Gardens\" itemprop=\"image\" height=\"205\" width=\"300\"  \/>\n\t\tShrine of the B\u00e1b and Bah\u00e1&#8217;i Gardens in Haifa, Israel\n\t\t\t\t<img loading=\"lazy\" decoding=\"async\" src=\"https:\/\/wncbahai.org\/wp-content\/uploads\/2017\/08\/BahaullahShrine-300x200.jpg\" alt=\"The Shrine of Bah\u00e1'u'll\u00e1h\" itemprop=\"image\" height=\"200\" width=\"300\"  \/>\n\t\tThe Shrine of Bah\u00e1&#8217;u&#8217;ll\u00e1h in Akka, Israel\n\t\t\t\t<img loading=\"lazy\" decoding=\"async\" src=\"https:\/\/wncbahai.org\/wp-content\/uploads\/2017\/08\/tn_Abdul-Baha-357.png\" alt=\"Abdul-Baha in America\" itemprop=\"image\" height=\"222\" width=\"264\"  \/>\n\t\t\u2018Abdu\u2019l-Bah\u00e1 visits America in 1912\n\t<p>The principles of the Bah\u00e1&#8217;\u00ed Faith were established by the B\u00e1b and Bah\u00e1&#8217;u&#8217;ll\u00e1h, the Founders of the Faith, in the latter half of the nineteenth century and promulgated by His Son and appointed successor, &#8216;Abdu&#8217;l-Bah\u00e1 during a tireless twenty -nine year ministry. While on an historic teaching trip in 1912 throughout the United States and Canada, &#8216;Abdu&#8217;l-Bah\u00e1 explained Bah\u00e1&#8217;u&#8217;ll\u00e1h&#8217;s Teachings to audiences of infinitely varied backgrounds.<\/p>\n<h2>\n\t\tExplore Some Bah\u00e1&#8217;i Principles\n\t<\/h2>\n\t\t\tThe Oneness of God, Religion and Humanity\n\t\t<p>Baha\u0301&#8217;u&#8217;lla\u0301h, Founder of the Bah\u00e1\u2019\u00ed Faith, teaches that there is one God whose existence is beyond our understanding. He is the Creator of everything, and although we may call Him by different names \u2013 God or Yahweh, Allah, Brahma, or the Great Spirit \u2013 we are speaking about the same loving Presence that has supported and guided humanity throughout history.<\/p>\n<blockquote><p><em>\u201cThe fundamental principle enunciated by Bah\u00e1\u2019u\u2019ll\u00e1h, the followers of His Faith firmly believe, is that Religious truth is not absolute but relative, that Divine Revelation is a continuous and progressive process, that all the great religions of the world are divine in origin, that their basic principles are in complete harmony, that their aims and purposes are one and the same, that their teachings are but facets of one truth, that their functions are complementary, that they differ only in the non-essential aspects of their doctrines and that their missions represent successive stages in the spiritual evolution of human society.\u201d <\/em><\/p>\n<p><cite>&#8211; From the Bah\u00e1\u2019\u00ed Writings<\/cite><\/p><\/blockquote>\n<p>\u00a0<\/p>\n\t\t\tElimination of Prejudice\n\t\t<p>The pivotal principle of the Bah\u00e1\u2019\u00ed Faith is to unite all races and peoples in one universal Cause, the betterment of the world. Believing in the oneness of humanity demands a rooting out of prejudice and inequality, it elevates the need for all relationships and systems to be grounded in cooperation and mutual assistance. Bah\u00e1&#8217;u&#8217;ll\u00e1h teaches that every person is an unique soul that must have a place in the advancement of society.<\/p>\n<blockquote>\u201cYe are the fruits of one tree, and the leaves of one branch. Deal ye one with another with the utmost love and harmony, with friendliness and fellowship&#8230;\u201d<br \/>\n<cite>Baha\u0301&#8217;u&#8217;lla\u0301h<\/cite><\/blockquote>\n<p><\/p>\n\t\t\tEquality of Women and Men\n\t\t<blockquote><p>The emancipation of women, the achievement of full equality between the sexes, is one of the most important, though less acknowledged prerequisites of peace.\u00a0 The denial of such equality perpetuates an injustice against one half of the world\u2019s population and promotes in men harmful attitudes and habits that are carried from the family to the workplace, to political life, and ultimately to international relations.\u00a0 There are no grounds, moral, practical, or biological, upon which such denial can be justified.\u00a0 Only as women are welcomed into full partnership in all fields of human endeavour will the moral and psychological climate be created in which international peace can emerge.<\/p>\n<p>\u2013\u00a0 Universal House of Justice,<em> To the Peoples of the World, A Baha\u2019i Statement on Peace<\/em><\/p><\/blockquote>\n\t\t\tIndependent Investigation of Truth\n\t\t<blockquote><p>The principles of the Teachings of Baha\u2019u\u2019llah should be carefully studied, one by one, until they are realized and understood by mind and heart \u2014 so will you become strong followers of the light, truly spiritual, heavenly soldiers of God, acquiring and spreading the true civilization\u2026. \u2013 Abdu\u2019l-Baha, Paris Talks, p. 22.<\/p><\/blockquote>\n<p>The first Baha\u2019i principle is <b><i>the independent investigation of reality<\/i><\/b>. Not found in any sacred Book of the past, it abolishes the need for clergy and sets us free from imitation and blind adherence to unexamined, dogmatic beliefs. Baha\u2019is believe that no soul should follow ancestral or traditional beliefs without first questioning and examining their own inner landscape. Instead, the first Baha\u2019i principle gives each individual the right and the duty to investigate and decide what they believe on their own:<\/p>\n<blockquote><p>\u2026every individual member of humankind is exhorted and commanded to set aside superstitious beliefs, traditions and blind imitation of ancestral forms in religion and investigate reality for himself. Inasmuch as the fundamental reality is one, all religions and nations of the world will become one through investigation of reality. \u2013 Abdu\u2019l-Baha, The Promulgation of Universal Peace, p. 433.<\/p><\/blockquote>\n<p><a href=\"http:\/\/bahaiteachings.org\/bahai-principles-independent-investigation-of-truth\">Continue reading at\u00a0Bahaiteachings.org<\/a><\/p>\n\t\t\tHarmony of Science and Religion\n\t\t<p>Religion and Science are inter-twined with each other and cannot be separated. These are the two wings with which humanity must fly. One wing is not enough. Every religion which does not concern itself with science is mere tradition\u2026. Therefore science, education and civilization are most important necessities for the full religious life. \u2013 <a title=\"Abdu'l-Baha in London\" href=\"http:\/\/reference.bahai.org\/en\/t\/bic\/COL\/col-5.html\" target=\"_blank\" rel=\"noopener\">Abdu\u2019l-Baha in London, p. 28-29<\/a>.<\/p>\n<p>Read more at <a href=\"http:\/\/bahaiteachings.org\/bahai-principles-the-unity-of-science-and-religion\">Bahaiteachings.org<\/a><\/p>\n\t\t\tUniversal Compulsory Education\n\t\t<p>Universal compulsory education for everyone \u2014 one of the essential <a title=\"Main Principles of the Baha\u2019i Faith\" href=\"http:\/\/bahaiteachings.org\/main-principles\">Baha\u2019i principles<\/a>revealed by <a title=\"Baha\u2019u\u2019llah\" href=\"http:\/\/bahaiteachings.org\/bahaullah-founder\">Baha\u2019u\u2019llah<\/a> \u2014 calls on all societies and cultures to:<\/p>\n<blockquote><p>Address yourselves to the promotion of the well-being and tranquillity of the children of men. Bend your minds and wills to the education of the peoples and kindreds of the earth, that haply the dissensions that divide it may, through the power of the Most Great Name, be blotted out from its face, and all mankind become the upholders of one Order, and the inhabitants of one City. \u2013 Baha\u2019u\u2019llah, <a title=\"Gleanings from the Writings\" href=\"http:\/\/reference.bahai.org\/en\/t\/b\/GWB\/gwb-156.html\" target=\"_blank\" rel=\"noopener\">Gleanings from the Writings of Baha\u2019u\u2019llah, p. 333-334<\/a>.<\/p><\/blockquote>\n<p>Continue reading at <a href=\"http:\/\/bahaiteachings.org\/bahai-principles-universal-education\">Bahaiteachings.org<\/a><\/p>\n\t\t\tSpiritual Economics\n\t\t<blockquote><p>The welfare of any segment of humanity is inextricably bound up with the welfare of the whole. Humanity\u2019s collective life suffers when any one group thinks of its own well-being in isolation from that of its neighbours\u2019 or pursues economic gain without regard for how the natural environment, which provides sustenance for all, is affected. A stubborn obstruction, then, stands in the way of meaningful social progress: time and again, avarice and self-interest prevail at the expense of the common good. Unconscionable quantities of wealth are being amassed, and the instability this creates is made worse by how income and opportunity are spread so unevenly both between nations and within nations. But it need not be so. <i>\u2013 <\/i><a href=\"http:\/\/bahaiteachings.org\/universal-house-of-justice\">The Universal House of Justice<\/a>, 1 March 2017.<\/p><\/blockquote>\n<p>Continue reading at <a href=\"http:\/\/bahaiteachings.org\/towards-new-spiritual-economic-system\">Bahaiteachings.org<\/a><\/p>\n\t\t\t<a href=\"http:\/\/www.bahai.org\/beliefs\/\" target=\"_blank\" role=\"button\">\n\t\t\t\t\t\t\tRead more at bahai.org\n\t\t\t\t\t<\/a>\n","protected":false},"excerpt":{"rendered":"<p>What Bah\u00e1&#8217;is Believe Knowledge is a veritable treasure for man, and a source of glory, of bounty, of joy, of exaltation, of cheer and gladness unto him. &#8211; Bah\u00e1&#8217;u&#8217;ll\u00e1h Shrine of the B\u00e1b and Bah\u00e1&#8217;i Gardens in Haifa, Israel The Shrine of Bah\u00e1&#8217;u&#8217;ll\u00e1h in Akka, Israel \u2018Abdu\u2019l-Bah\u00e1 visits America in 1912 The principles of the&hellip;<\/p>\n","protected":false},"author":1,"featured_media":0,"parent":0,"menu_order":0,"comment_status":"closed","ping_status":"closed","template":"","meta":{"footnotes":""},"class_list":["post-279","page","type-page","status-publish","hentry"],"_links":{"self":[{"href":"https:\/\/wncbahai.org\/index.php?rest_route=\/wp\/v2\/pages\/279","targetHints":{"allow":["GET"]}}],"collection":[{"href":"https:\/\/wncbahai.org\/index.php?rest_route=\/wp\/v2\/pages"}],"about":[{"href":"https:\/\/wncbahai.org\/index.php?rest_route=\/wp\/v2\/types\/page"}],"author":[{"embeddable":true,"href":"https:\/\/wncbahai.org\/index.php?rest_route=\/wp\/v2\/users\/1"}],"replies":[{"embeddable":true,"href":"https:\/\/wncbahai.org\/index.php?rest_route=%2Fwp%2Fv2%2Fcomments&post=279"}],"version-history":[{"count":10,"href":"https:\/\/wncbahai.org\/index.php?rest_route=\/wp\/v2\/pages\/279\/revisions"}],"predecessor-version":[{"id":505,"href":"https:\/\/wncbahai.org\/index.php?rest_route=\/wp\/v2\/pages\/279\/revisions\/505"}],"wp:attachment":[{"href":"https:\/\/wncbahai.org\/index.php?rest_route=%2Fwp%2Fv2%2Fmedia&parent=279"}],"curies":[{"name":"wp","href":"https:\/\/api.w.org\/{rel}","templated":true}]}}