{"id":75,"date":"2017-05-21T21:10:34","date_gmt":"2017-05-21T21:10:34","guid":{"rendered":"https:\/\/wncbahai.org\/?page_id=75"},"modified":"2025-07-27T22:39:29","modified_gmt":"2025-07-27T22:39:29","slug":"about","status":"publish","type":"page","link":"https:\/\/wncbahai.org\/?page_id=75","title":{"rendered":"About the Baha&#8217;i Faith"},"content":{"rendered":"\n<h1>\n\t\tAbout the Bah\u00e1&#8217;i Faith\n\t<\/h1>\n\t<h2><em>Humanity is one and prejudices and patterns of life that block the expression of this fundamental truth are gradually falling away.<\/em><br>\n<small>&#8211; The Bah\u00e1&#8217;i Teachings<\/small><\/h2>\n\t<p>We see evidence of this transformation all around us \u2013 the breaking down of the old, and the building up of new ways of being and social structures that contribute to the advancement of all people. Working towards this vision will require profound personal and social transformation over many generations.<\/p>\n\t<h2>A new understanding of religion<\/h2>\n<p>This transformation requires a new vision of the purpose and nature of religion. Religion is a faculty of the human soul that enables individuals to mine inner resources of courage, vision, and high endeavor. It allows groups and communities to explore reality together and forge a common vision and purpose. When harmonized with science, religion is a system of knowledge that propels the advancement of civilization.<\/p>\n\t\t\t<a href=\"https:\/\/wncbahai.org\/what-bahais-believe\/\" target=\"_self\" role=\"button\" rel=\"noopener\">\n\t\t\t\t\t\t\tWhat Bah\u00e1&#8217;is Believe\n\t\t\t\t\t<\/a>\n\t<h2>Who was Bah\u00e1&#8217;u&#8217;ll\u00e1h?<\/h2>\n<p>Bah\u00e1\u2019u\u2019ll\u00e1h was born in 1817 into an aristocratic family in Persia. Early in His life, He rejected the fortunes that awaited Him, stating, \u201c<em>I have never aspired after worldly leadership. My sole purpose hath been to hand down unto men that which I was bidden to deliver by God\u2026<\/em>\u201d<\/p>\n<div id=\"attachment_302\" style=\"width: 610px\" class=\"wp-caption alignleft\"><img loading=\"lazy\" decoding=\"async\" aria-describedby=\"caption-attachment-302\" src=\"https:\/\/wncbahai.org\/wp-content\/uploads\/2017\/05\/Front_of_the_Shrine_of_Bahaullah-600x400.jpg\" alt=\"Shrine of Baha'u'llah\" width=\"600\" height=\"400\"><p id=\"caption-attachment-302\" class=\"wp-caption-text\">The entrance to the Shrine of Bah\u00e1\u2019u\u2019ll\u00e1h, in \u2018Akka, Israel<\/p><\/div>\n<p>In 1863, He declared that He had a new, divinely inspired message, one that would lay the foundation of prosperity for mankind. This foundation was gradually expressed in thousands of His verses, letters and books, all of which provide a framework for the development of a unified global civilization.<\/p>\n<p>Until His passing in 1892, Bah\u00e1\u2019u\u2019ll\u00e1h suffered four decades of imprisonment, torture and exile for proclaiming His message. This persecution was not unlike His Divine predecessors, who all suffered in one way or another for proclaiming Their message. Indeed, Bah\u00e1\u2019u\u2019ll\u00e1h claimed to be the latest in the series of Divine Messengers who have appeared throughout history, including Abraham, Zoroaster, Krishna, Buddha, Moses, Jesus and Muhammad.<\/p>\n<p>Just over a century after His passing, Bah\u00e1\u2019u\u2019ll\u00e1h\u2019s followers are to be found in all corners of the globe, striving to better humankind through inclusive community activities that aim to elevate the human spirit for children, teens and adults.<\/p>\n\t\t\t<a href=\"https:\/\/www.bahaullah.org\/\" target=\"_self\" role=\"button\" rel=\"noopener\">\n\t\t\t\t\t\t\tStory of Bah\u00e1&#8217;u&#8217;ll\u00e1h\n\t\t\t\t\t<\/a>\n\t<h2>Learning to put beliefs into action<\/h2>\n<p>Bah\u00e1&#8217;\u00eds are striving to align themselves with the constructive processes that are informed by this fundamental oneness of mankind, religion, and God, and walk with all on a path of service.&nbsp; Bah\u00e1&#8217;\u00eds and friends actively endeavor to reach out to neighbors and unite in spiritual conversations that release the power of the human spirit and cultivate vibrant communities.<\/p>\n\t\t\t<a href=\"https:\/\/wncbahai.org\/core-community-activities\/\" target=\"_self\" role=\"button\" rel=\"noopener\">\n\t\t\t\t\t\t\tCommunity Activities\n\t\t\t\t\t<\/a>\n\t<h2>Reading the writings<\/h2>\n<p>Bah\u00e1&#8217;\u00eds and their friends use the sacred scripture of the B\u00e1b, Bah\u00e1&#8217;u&#8217;ll\u00e1h, and &#8216;Abdu&#8217;l-Bah\u00e1 to gain deeper insight into our purpose and the path to a truly Divinely guided human experience. If you are interested in learning how to deepen on the Scripture of the Bah\u00e1&#8217;\u00ed Faith, <strong><a href=\"mailto:deb@ashlsasec@gmail.com?subject=Joining a Reflections Study Circle\">consider requesting to join a study circle, &#8220;Reflections on the Life and Spirit.&#8221;<\/a><\/strong>&nbsp;Most Bah\u00e1&#8217;\u00ed Scripture is translated into English and other world languages. You can access some of these holy texts:<\/p>\n<ul>\n<li><a href=\"http:\/\/www.bahai.org\/library\/authoritative-texts\/bahaullah\/gleanings-writings-bahaullah\/\">Gleanings: Bah\u00e1&#8217;u&#8217;ll\u00e1h<\/a><\/li>\n<li><a href=\"http:\/\/www.bahai.org\/library\/authoritative-texts\/bahaullah\/kitab-i-iqan\/\">Kit<\/a><a href=\"http:\/\/www.bahai.org\/library\/authoritative-texts\/bahaullah\/kitab-i-iqan\/\">\u00e1<\/a><a href=\"http:\/\/www.bahai.org\/library\/authoritative-texts\/bahaullah\/kitab-i-iqan\/\">b-i-Iq<\/a><a href=\"http:\/\/www.bahai.org\/library\/authoritative-texts\/bahaullah\/kitab-i-iqan\/\">\u00e1<\/a><a href=\"http:\/\/www.bahai.org\/library\/authoritative-texts\/bahaullah\/kitab-i-iqan\/\">n: Bah\u00e1&#8217;u&#8217;ll\u00e1h<\/a><\/li>\n<li><a href=\"http:\/\/www.bahaiprayers.org\/\">Selection of Prayers: The B\u00e1b, Bah\u00e1&#8217;u&#8217;ll\u00e1h, &#8216;Abdu&#8217;l-Bah\u00e1<\/a><\/li>\n<li><a href=\"http:\/\/www.bahai.org\/library\/authoritative-texts\/bahaullah\/seven-valleys-four-valleys\/\">The Seven Valleys: Bah\u00e1&#8217;u&#8217;ll\u00e1h<\/a><\/li>\n<li><a href=\"http:\/\/www.bahai.org\/library\/authoritative-texts\/abdul-baha\/paris-talks\/\">Paris Talks: &#8216;Abdu&#8217;l-Bah\u00e1<\/a><\/li>\n<li><a href=\"http:\/\/www.bahai.org\/library\/authoritative-texts\/\">View All Bah\u00e1&#8217;\u00ed Scripture<\/a><\/li>\n<\/ul>\n<p>&nbsp;<\/p>\n","protected":false},"excerpt":{"rendered":"<p>About the Bah\u00e1&#8217;i Faith Humanity is one and prejudices and patterns of life that block the expression of this fundamental truth are gradually falling away. &#8211; The Bah\u00e1&#8217;i Teachings We see evidence of this transformation all around us \u2013 the breaking down of the old, and the building up of new ways of being and&hellip;<\/p>\n","protected":false},"author":1,"featured_media":0,"parent":0,"menu_order":0,"comment_status":"closed","ping_status":"closed","template":"","meta":{"footnotes":""},"class_list":["post-75","page","type-page","status-publish","hentry"],"_links":{"self":[{"href":"https:\/\/wncbahai.org\/index.php?rest_route=\/wp\/v2\/pages\/75","targetHints":{"allow":["GET"]}}],"collection":[{"href":"https:\/\/wncbahai.org\/index.php?rest_route=\/wp\/v2\/pages"}],"about":[{"href":"https:\/\/wncbahai.org\/index.php?rest_route=\/wp\/v2\/types\/page"}],"author":[{"embeddable":true,"href":"https:\/\/wncbahai.org\/index.php?rest_route=\/wp\/v2\/users\/1"}],"replies":[{"embeddable":true,"href":"https:\/\/wncbahai.org\/index.php?rest_route=%2Fwp%2Fv2%2Fcomments&post=75"}],"version-history":[{"count":29,"href":"https:\/\/wncbahai.org\/index.php?rest_route=\/wp\/v2\/pages\/75\/revisions"}],"predecessor-version":[{"id":522,"href":"https:\/\/wncbahai.org\/index.php?rest_route=\/wp\/v2\/pages\/75\/revisions\/522"}],"wp:attachment":[{"href":"https:\/\/wncbahai.org\/index.php?rest_route=%2Fwp%2Fv2%2Fmedia&parent=75"}],"curies":[{"name":"wp","href":"https:\/\/api.w.org\/{rel}","templated":true}]}}