{"id":79,"date":"2017-05-21T21:11:57","date_gmt":"2017-05-21T21:11:57","guid":{"rendered":"https:\/\/wncbahai.org\/?page_id=79"},"modified":"2018-03-03T14:33:38","modified_gmt":"2018-03-03T14:33:38","slug":"resources","status":"publish","type":"page","link":"https:\/\/wncbahai.org\/?page_id=79","title":{"rendered":"Resources"},"content":{"rendered":"<h1>\n\t\tBah\u00e1&#8217;\u00ed Resources<br \/>\n\t<\/h1>\n<h2><em>&#8230;The fundamental reality is one and all religions and nations of the world will become one through the investigation of reality.<\/em><br \/>\n<small>&#8211; The Bah\u00e1&#8217;i Teachings<\/small><\/h2>\n<p>Enjoy these educational and spiritual resources the Bah\u00e1&#8217;i Faith.<\/p>\n<h2><a href=\"http:\/\/www.bahai.org\/\"> \ud83d\udd17 The Official Bah\u00e1&#8217;i Faith World Website<\/a><\/h2>\n<p>Learn everything about the Bah\u00e1&#8217;i Faith in this global, unified and informative website about the Bah\u00e1&#8217;i Faith.<\/p>\n<hr \/>\n<h2><a href=\"http:\/\/bahaiteachings.org\/\"> \ud83d\udd17 Baha&#8217;i Teachings<\/a><\/h2>\n<p>This blog address a series of topics about the Bah\u00e1&#8217;i Faith. The articles are usually less than 5 minutes to read and it\u00a0works with contributors from all over the world.<\/p>\n<hr \/>\n<h2><a href=\"http:\/\/wilmetteinstitute.org\/\"> \ud83d\udd17\u00a0The Wilmette Institute &#8211; Online Courses<\/a><\/h2>\n<p>Sign up for an\u00a0educational and spiritual course on a myriad of topics, including, marriage and family life, deepening on the world&#8217;s religions, community life, economics, health and more.<\/p>\n<hr \/>\n<h2><a href=\"http:\/\/www.bahai.org\/library\/\"> \ud83d\udd17 Baha&#8217;i\u00a0Reference Library<\/a><\/h2>\n<p>Access many of the Bah\u00e1&#8217;i scriptures for\u00a0free in this online library. Search and explore\u00a0for quotes or read the entire copy of the texts.<\/p>\n<hr \/>\n<h2><a href=\"https:\/\/www.bahaullah.org\/\"> \ud83d\udd17 The Life of Bah\u00e1&#8217;u&#8217;ll\u00e1h<\/a><\/h2>\n<p>Learn about the story of the Bah\u00e1&#8217;i Faith prophet-founder, Bah\u00e1&#8217;u&#8217;ll\u00e1h. Follow His footsteps in pictures and quotes.<\/p>\n<hr \/>\n<h2><a href=\"http:\/\/www.bahai.org\/frontiers\/\"> \ud83d\udd17 Watch &#8216;Frontiers of Learning&#8217;<\/a><\/h2>\n<p>This film captures the insights and experiences of people from four communities across the world whose efforts to build vibrant communities are at the frontiers of learning.<\/p>\n<p>&nbsp;<\/p>\n","protected":false},"excerpt":{"rendered":"<p>Bah\u00e1&#8217;\u00ed Resources &#8230;The fundamental reality is one and all religions and nations of the world will become one through the investigation of reality. &#8211; The Bah\u00e1&#8217;i Teachings Enjoy these educational and spiritual resources the Bah\u00e1&#8217;i Faith. \ud83d\udd17 The Official Bah\u00e1&#8217;i Faith World Website Learn everything about the Bah\u00e1&#8217;i Faith in this global, unified and informative&hellip;<\/p>\n","protected":false},"author":1,"featured_media":0,"parent":0,"menu_order":0,"comment_status":"closed","ping_status":"closed","template":"","meta":{"footnotes":""},"class_list":["post-79","page","type-page","status-publish","hentry"],"_links":{"self":[{"href":"https:\/\/wncbahai.org\/index.php?rest_route=\/wp\/v2\/pages\/79","targetHints":{"allow":["GET"]}}],"collection":[{"href":"https:\/\/wncbahai.org\/index.php?rest_route=\/wp\/v2\/pages"}],"about":[{"href":"https:\/\/wncbahai.org\/index.php?rest_route=\/wp\/v2\/types\/page"}],"author":[{"embeddable":true,"href":"https:\/\/wncbahai.org\/index.php?rest_route=\/wp\/v2\/users\/1"}],"replies":[{"embeddable":true,"href":"https:\/\/wncbahai.org\/index.php?rest_route=%2Fwp%2Fv2%2Fcomments&post=79"}],"version-history":[{"count":7,"href":"https:\/\/wncbahai.org\/index.php?rest_route=\/wp\/v2\/pages\/79\/revisions"}],"predecessor-version":[{"id":474,"href":"https:\/\/wncbahai.org\/index.php?rest_route=\/wp\/v2\/pages\/79\/revisions\/474"}],"wp:attachment":[{"href":"https:\/\/wncbahai.org\/index.php?rest_route=%2Fwp%2Fv2%2Fmedia&parent=79"}],"curies":[{"name":"wp","href":"https:\/\/api.w.org\/{rel}","templated":true}]}}